693. Is i prime?
False
Let y = -47 - -43. Is (623 - y) + -4*1 prime?
False
Suppose -5*g = -d + 357, 2*d = -3*g - 2*g - 366. Let c be g/(-33) + (-2)/11. Suppose 909 = c*x + 323. Is x a composite number?
False
Suppose 16*m + 25*m = 156005. Is m composite?
True
Let k = -23 - -27. Suppose 8 = -4*n - k, 3*l = 4*n + 33. Let o(y) = 17*y**2 - 12*y + 14. Is o(l) composite?
True
Let w(f) = f**2 - 6*f + 2. Let q be w(5). Let d be (-2)/q*363 + 2. Is (1 - d/(-10))*5 a prime number?
True
Suppose 5*m = -r + 3460, 3*m = 3*r - 346 + 2404. Is m composite?
False
Suppose 4*o = -2*i - 3*i + 13, 4*o - i = 7. Suppose -h + o*h = 329. Is h a composite number?
True
Suppose 5*c - 708 = -4*n + 115, -5*c + 611 = 3*n. Suppose -5*b - 7 - 38 = 0. Let s = b + n. Is s a composite number?
True
Let m = -211 - -370. Suppose -5*j = -q + m, 2*q - 5*j = -0*q + 313. Suppose 0 = 3*r - r - q. Is r a prime number?
False
Let c = 358 + 225. Suppose 3*u - 8704 = -c. Is u composite?
False
Suppose -4*n + 31 = n + 4*j, n = j - 1. Suppose 0 = x + v + 3*v - 193, -x + n*v + 172 = 0. Is x composite?
False
Let v be 2/9 - 133/(-9). Let r be (-6)/(-7)*-21*(-4)/12. Let t = r + v. Is t a composite number?
True
Let z be (44/33)/((-2)/(-138)). Let b = z + 288. Suppose -b = -5*f - p, -2*p - 241 = -3*f - 0*f. Is f a prime number?
False
Is (-90)/(-45)*(-10)/4 + 2179 composite?
True
Let f = 159 + 2362. Is f a composite number?
False
Let f = 598 + 799. Is f composite?
True
Let j(x) = 0 + 32*x - 1 - 45*x. Let i be j(-2). Suppose -90 = -y + i. Is y prime?
False
Let i = -2394 - -4342. Let f = 809 + -806. Suppose -i = -f*k - k. Is k a composite number?
False
Let k(s) = s**2 + 9*s + 9. Let j(n) = n**3 + n**2 - n + 1. Let t be j(1). Let f be (25/(-15))/(t/12). Is k(f) composite?
False
Let o(s) = s**3 - 18*s**2 + 8*s + 154. Is o(19) prime?
False
Suppose 5 = -x + 11. Let y be (-4)/(-6)*45/x. Suppose y*l - 15 = 0, -2*z - 146 = 5*l - 415. Is z a prime number?
True
Suppose -3*o - 25*n + 24*n + 4 = 0, n + 12 = 5*o. Is o + (-16)/6 - (-27180)/108 prime?
True
Let r(l) = 543*l - 119. Is r(18) a prime number?
False
Let i(x) = 9*x**2 + 42*x + 251. Is i(-34) a composite number?
False
Suppose -4*g = 2*h - 632 - 22118, -3*g - 45544 = -4*h. Is h composite?
False
Is ((-1)/(-3))/(770738/96342 + -8) composite?
False
Suppose 0 = -w - m + 1158, -5027 = -4*w - 3*m - 396. Is w prime?
False
Is (48/6)/40*83365 prime?
True
Let m(a) = 1012*a + 1. Let o be m(1). Let g be ((-24)/14)/((-18)/5418). Let q = o - g. Is q a prime number?
False
Suppose 2*i + 4*i = -6. Is -321*(2 + i - 2) composite?
True
Let g(r) = -588*r**3 + 1. Let l be g(-1). Suppose 5*q - 2586 - l = 0. Is q a prime number?
False
Let m(d) = d**3 - 8*d**2 + 5*d - 6. Let f be m(10). Suppose 0 = -3*r + b + 1211 + f, -2*r + 4*b + 970 = 0. Is r prime?
False
Let b(m) = 5060*m**3 + m**2. Let g be b(1). Suppose -w + 5*w = 5*y + g, 4057 = -4*y - 5*w. Let h = -340 - y. Is h composite?
False
Let t = -742 + 477. Let f = 358 - t. Is f prime?
False
Let p(g) = -7*g**2 + 23*g - 9. Let x(f) = 3*f**2 - 11*f + 5. Let d(q) = -2*p(q) - 5*x(q). Let r be d(8). Is -1 + 140 - 0/r composite?
False
Let l(p) = 3*p**3 + 15*p**2 + 6*p - 73. Is l(10) prime?
False
Let w = -4809 - -14774. Is w composite?
True
Suppose 6*g = 2*g + 24. Suppose -q = -g*q + 20. Suppose q*c + 2*c = 708. Is c a prime number?
False
Let b = 924 - -115. Suppose 3*v + b = 2758. Is v a composite number?
True
Let y(u) = -38*u + 1. Let k be y(-6). Suppose g - k = 288. Is g a prime number?
False
Suppose -455*m - 101292 = -467*m. Is m a composite number?
True
Let o(m) = -148*m**2 + 3*m**3 + 69*m**2 + 20*m + 70*m**2 + 19. Is o(9) a prime number?
True
Suppose -5*c = -0*c + 6315. Is (c + 1)/(6 + -8) composite?
False
Suppose -3*b + 18 = -5*b. Is ((-102)/b)/(2/72) - -1 a composite number?
False
Let a = 3343 + -1169. Is a a composite number?
True
Let t = 6 + 4. Suppose -t*b = -6*b - 8. Suppose 0 = b*w + 5*d - 252 + 8, -258 = -2*w + 2*d. Is w composite?
False
Suppose 4390 = 74*b - 69*b. Is b a prime number?
False
Let n(t) = 36*t**2 + 7. Let f(q) = -q - 8. Let j be f(-5). Is n(j) prime?
True
Let f be (-1)/1*-34 - 2. Suppose -3*l + f = -2*l. Suppose 5*m = g + l + 43, 4*g = -m + 15. Is m prime?
False
Let h = -78 + -6. Is ((-1036)/h)/(1/15 + 0) composite?
True
Suppose m + 10 = 227. Let u(q) = q + 3. Let y be u(11). Let p = m - y. Is p a prime number?
False
Let i(p) = -3*p**2 + 10*p - 4. Let b be i(9). Let j = b + 1076. Is j a composite number?
False
Suppose -10*k + 16*k - 29634 = 0. Is k composite?
True
Let p = -61 + 28. Is 1264/(-24)*p/2 composite?
True
Suppose 4*c = -0*c + 5*z - 4, c = -z - 1. Suppose 7*j = 3*j + 48. Let m = j - c. Is m a composite number?
False
Is 19 + -12 + (2908 - 6) composite?
False
Let t(v) be the third derivative of 11*v**5/60 + v**4/2 - 2*v**3/3 + v**2. Let r = 8 - 3. Is t(r) a prime number?
True
Suppose 61*p - 350940 = 925729. Is p a prime number?
True
Let w be 4 - (-1 + 5) - (0 + -2). Is (18/(-24))/(w/(-5224)) a prime number?
False
Is 0/(4/(-2)) - (-9 + -11998) a prime number?
True
Is (5 - 6) + -3 + 7413 a prime number?
False
Let g = 30725 - 14104. Is g a composite number?
True
Let f = 34 + -26. Let x = 231 + f. Is x composite?
False
Is 1335707/68 + 1/((-8)/(-2)) a composite number?
True
Suppose 2 = 7*x + 9. Let t(b) = -38*b - 5. Is t(x) prime?
False
Let j = -12936 + 62233. Is j a prime number?
True
Let k = 2942 + -1249. Is k a composite number?
False
Let r(w) = w**2 - 11*w - 6. Let c be r(7). Is (-3)/(-6)*-31*c composite?
True
Let i = 13388 + -3381. Is i prime?
True
Let b(p) be the first derivative of -35*p**2/2 + 39*p - 17. Is b(-4) prime?
True
Suppose 4*v - 48338 = -k - 1820, 9*v = -3*k + 104667. Is v composite?
True
Let f = -19 + 28. Let m(k) = -k**3 + 9*k**2 + 13*k + 4. Let p be m(f). Let q = 66 + p. Is q a prime number?
False
Let z(c) = -2*c - 4. Let h be z(-2). Suppose h = -3*n + 47 + 514. Is n prime?
False
Let h(a) = -a**3 - 20*a**2 + 11*a - 18. Let o be h(-17). Let r = o + 1721. Is r a prime number?
False
Let s(l) = -l**3 - 6*l**2 + 9*l - 5. Let h be s(-7). Let y = h - -23. Suppose -y*c + 178 + 598 = 0. Is c prime?
False
Suppose 5*a - q - 1433 = 3*q, -a + 301 = 4*q. Let w = 223 + a. Let c = -309 + w. Is c a composite number?
True
Let s(l) = l - 1. Let m(y) = -80*y**3 + y**2 + 4*y - 6. Let p(i) = m(i) - 2*s(i). Is p(-3) a prime number?
False
Suppose 2*y = -8*t + 7*t + 439, 2*t - 908 = 2*y. Is t a composite number?
False
Let x(h) be the first derivative of 11*h**5/60 - 3*h**4/8 - 7*h**3/6 + 3*h**2 + 11. Let q(c) be the second derivative of x(c). Is q(-3) a prime number?
False
Suppose -29*v = 62*v - 3239327. Is v a prime number?
True
Let x(w) = -w**3 - w**2 + 4*w - 7. Let u be 1 - -1 - (1 - 4). Suppose 0 = 2*g + 7 + u. Is x(g) prime?
True
Suppose -p - 2*j = 7 + 4, -2*p + j - 32 = 0. Is (-4599)/(-15) + ((-12)/p)/2 composite?
False
Suppose 226660 = 69*t - 41*t. Is t prime?
False
Suppose -7 = -2*l - 3. Let s be 1/l*8 + 1029. Suppose 4*d - s + 285 = 0. Is d a prime number?
False
Let y(b) = 20*b**2 - 32*b - 131. Is y(19) a composite number?
False
Suppose -f = 2*l - 130 + 12, 2*l - 622 = -5*f. Let t = f + -40. Suppose 2*s = 5*d - 0*d + t, 3*s = -3*d + 87. Is s composite?
True
Suppose 2*m + 3*m - 2540 = 0. Let v = 27 + -25. Suppose v*c - m = 166. Is c a prime number?
True
Let s be (10/(-6))/((-10)/90). Let t = s + -13. Suppose 2*p = t*f - 622, -3*p = 2*f - p - 606. Is f composite?
False
Suppose -j = -2*j + 2. Suppose j*n = -3*n + 15. Suppose -4*t + 236 = 4*h, -294 = -5*t - n*h - h. Is t composite?
True
Let z be -6*(55/3)/5. Is 14135/z*(-4 - -2) a prime number?
False
Suppose -5*g = y - 41022, 3*g = 6*y - y - 204970. Is y prime?
False
Let c(w) = -271*w + 11. Is c(-8) a prime number?
True
Suppose -3*w + 3*p = -21, 0 = w + 5*p + 5 - 0. Let y(t) = 14*t**2 + t - 8. Is y(w) composite?
False
Let v(i) = -217*i + 7. Let o(t) = 5*t + 13. Let a be o(-5). Is v(a) a composite number?
True
Let k be (-196*(1 + -4))/1. Suppose 2*i + 3*w = w + k, w = 2*i - 585. Is i a composite number?
False
Let g(p) = -1 + 2*p**3 + p + 5*p + 11*p**2 + 0*p**2 + 3*p. Is g(12) prime?
True
Let q be (-2*(3 - 2))/(-1). Let t be (-5 + 4)*(-2 + q). Suppose t = z - 31. Is z a composite number?
False
Let a(f) = 2*f**3 - 38*f**2 + 23*f + 45. Is a(22) a prime number?
Fa